ose 3*t - 4*t + 7 = -y, 0 = t - 4*y - 22. Suppose -u*a = -t*a - 46. What are the prime factors of a?
23
Let t(a) = 1170*a - 115. List the prime factors of t(3).
5, 7, 97
Let i(z) = z**3 - 3*z**2 + z - 1. Let j be i(2). Let n(w) = -w**2 - 3*w - 3. Let g be n(j). What are the prime factors of ((-76)/(-6))/((-2)/g)?
19
Let h = -12 - -14. Suppose -2*g = -5*g - h*r + 109, 4*g - 143 = -5*r. Let a = 74 - g. What are the prime factors of a?
37
Suppose 3*g - 2*m = -0*m - 6, m = -2*g + 3. Suppose -9*p + 5*p + 8 = g. Suppose 4*z - p*z - 12 = -2*j, z = -2*j + 16. List the prime factors of j.
2, 5
Suppose 0 = 3*r + 3*b + 36, 0 = r + 2*b + 3 + 11. Let j = r + 28. Suppose -2*x + j = x. List the prime factors of x.
2, 3
Suppose -832 = 84*d - 92*d. List the prime factors of d.
2, 13
Let l(o) be the second derivative of -o**4/12 + o**3/6 + 9*o**2/2 + 4*o. Let a be l(-6). What are the prime factors of (-2)/6 - 176/a?
5
Let n be (-5 + (-2 - 17))*32/(-6). Suppose -5*o - n = -573. What are the prime factors of o?
89
Suppose 0 = 4*n - 4, -31 = 4*i - 2*n + 3*n. List the prime factors of (-1449)/(-36) + 2/i.
2, 5
Let j be ((-4)/(-10))/(11/(-605)). Let y = j + 9. Let r(a) = -a**2 - 15*a - 6. What are the prime factors of r(y)?
2, 5
Suppose -200*y + 198*y = -546. List the prime factors of y.
3, 7, 13
Let i = -29 - 13. List the prime factors of (-2 - -3) + 3 + -1 - i.
3, 5
Let u(t) = -3*t + 79. What are the prime factors of u(-18)?
7, 19
Suppose -8*b + 4*v - 1372 = -12*b, 3*b + v - 1039 = 0. List the prime factors of b.
2, 3, 29
Let l be 312/15 - 2/(-10). Suppose l - 5 = 4*b. Suppose -97 = -b*z + 27. List the prime factors of z.
31
Suppose -5*b = -82 - 158. What are the prime factors of 6/b + (-2591)/(-8)?
2, 3
List the prime factors of (2898/147)/((-2)/(-14)).
2, 3, 23
Let m be ((-36)/(-4))/(3/10). Let w be 3*-5*(-10)/m. Suppose 10*g = w*g + 415. What are the prime factors of g?
83
Suppose 15*n - 5344 - 2891 = 0. List the prime factors of n.
3, 61
Let w = -185 + 190. Let o(c) be the second derivative of c**5/20 - c**4/3 + 2*c**3/3 - 3*c**2/2 + c. What are the prime factors of o(w)?
2, 3, 7
Suppose -u + 15865 = 5*w, -3*u = -5*w + 1208 + 14657. What are the prime factors of w?
19, 167
Let j(r) = 17*r**2 - 26*r + 160. List the prime factors of j(6).
2, 7, 11
Suppose -w + x - 3019 = -5*w, 5*w + 3*x - 3772 = 0. List the prime factors of w.
5, 151
Let j be ((-12)/(-8))/((-2)/4 + 1). Suppose j*r = -2*r + 120. What are the prime factors of r?
2, 3
Let f be (3 + 3)*(0 + -11). Suppose a + 5*h = 92, 4*a - 2*h + 6*h - 368 = 0. Let o = f + a. What are the prime factors of o?
2, 13
Suppose x = -4*t + t - 65, 4*x + 4*t = -252. Let s = x + 29. Let m = -21 - s. What are the prime factors of m?
2, 3
Let b = -33 - -33. Suppose -195 = -b*m - 3*m. List the prime factors of m.
5, 13
Suppose 60*t = 67*t - 1918. What are the prime factors of t?
2, 137
Let v be 4/(16/4)*3. Suppose v*q = 4*q. Suppose -4*s + q*s = 4*i - 120, 0 = -s + i + 34. List the prime factors of s.
2
Suppose 3*r - 6*j + 10*j = 215, 2*j = -4*r + 300. What are the prime factors of r?
7, 11
Let g(n) = 105*n**2 + 10*n - 92. What are the prime factors of g(5)?
3, 7, 41
Suppose -19080 = 5*x - 23*x. What are the prime factors of x?
2, 5, 53
Let h = -1125 - -1960. List the prime factors of h.
5, 167
Suppose -5*v - 3*d = -8*d - 30, -v = 5*d - 6. Suppose v*j = 13*j - 1848. What are the prime factors of j?
2, 3, 11
Let a = 2069 - 690. What are the prime factors of a?
7, 197
Let t = -10 - -16. Let a = 9 - 5. Suppose a*h = v - t*v + 340, 5*v - 335 = -3*h. What are the prime factors of v?
2
Let u(f) = 2*f**2 - 3*f + 12. Let p = -40 + 46. What are the prime factors of u(p)?
2, 3, 11
Suppose -169 = -5*a - 39. Let j = 18 - a. List the prime factors of (59 - -1) + 0/j.
2, 3, 5
Suppose 742 = 6*p - 446. List the prime factors of p.
2, 3, 11
Suppose 4*x + f - 373 = 0, -5*x + 5*f + 455 = 4*f. What are the prime factors of x?
2, 23
Let c(p) = 240*p - 69. List the prime factors of c(2).
3, 137
Let a(f) be the first derivative of f**4/4 - 4*f**2 + 6*f + 9. What are the prime factors of a(5)?
7, 13
Let l(s) = -s + 19. Let c be l(9). Suppose -14*o = -c*o - 148. List the prime factors of o.
37
Suppose -19625 = 276*d - 301*d. List the prime factors of d.
5, 157
Suppose 4*r + 490 = 5*y, -5*y + 0*r - 4*r = -450. Suppose -6*h + 4*h + y = 0. List the prime factors of h.
47
Suppose -5*t = -2*j - 4, -3*j + 3*t + 1 + 2 = 0. Suppose f - 6 = j*f, -5*h + 123 = -f. Suppose -i = 2*i - h. What are the prime factors of i?
2
Let i = 5 - 3. Suppose 3*y = z - 2*z + 20, 4*y = i*z. List the prime factors of z.
2
Let a be 3 + 225/10*2. Let l = a + -26. What are the prime factors of l?
2, 11
Suppose 6 = -4*u + 26. Suppose -h + 4*a + 40 = 0, -4*a + 0*a = u*h - 272. Let q = -19 + h. What are the prime factors of q?
3, 11
Suppose -13*j = -7*j - 3864. What are the prime factors of j?
2, 7, 23
Let b(i) = i - 3. Let v(z) = -z**2 - 4*z + 6. Let s be v(-4). Let x be b(s). Suppose x*q - 2*a = -q + 84, 105 = 5*q + a. List the prime factors of q.
3, 7
Let w(b) = -3*b + 64. What are the prime factors of w(17)?
13
Suppose 61*t - 56*t = 1900. What are the prime factors of t?
2, 5, 19
Let j be -2 - (-4)/((-8)/(-4)). Let y(o) = o**3 + o**2 - 112. Let d be y(j). What are the prime factors of 27/18*d/(-6)?
2, 7
Let w(u) = -46*u + 281. List the prime factors of w(-50).
29, 89
Let u(p) = 9*p**3 + 5*p**2 + 5. What are the prime factors of u(3)?
293
Let d(r) = -26 - r + 2*r + 9*r. What are the prime factors of d(6)?
2, 17
Let p be (86 - -10) + (1 - -1). What are the prime factors of 8/14 + 3864/p?
2, 5
Let q(s) = -s**3 + 22*s**2 - 34*s - 11. List the prime factors of q(19).
2, 3, 71
Let g(c) = c**3 + 5*c**2 + 5*c + 6. Let f be g(-4). Suppose f*s = -s - 648. What are the prime factors of (s/45)/(3/(-10))?
2
Let v(z) = z**2 - 15*z + 15. Let w(y) = -y + 1. Let h(r) = -v(r) + 3*w(r). Let t be h(8). Suppose t = -2*m + 3*m. What are the prime factors of m?
2, 5
Let z(i) = -20*i**3 - 14*i**2 - 5*i - 42. What are the prime factors of z(-6)?
2, 3, 317
Let q(n) = -2*n - 19. Let v be q(-9). Let m(d) = -5*d. Let a be m(v). Suppose a*t - 113 = -33. What are the prime factors of t?
2
Let t = -11 - -16. Suppose 16 = t*g - 14. Suppose g*h - 4*h - 74 = 0. What are the prime factors of h?
37
Suppose 5*i + 2 + 1 = -a, 5*a - 4*i - 14 = 0. Suppose 5*w + 56 - 579 = a*l, -w - l + 99 = 0. List the prime factors of w.
103
Let v(a) = 8*a**2 - 10*a + 25. Let f(n) = -7*n**2 + 9*n - 24. Let q(c) = -6*f(c) - 5*v(c). What are the prime factors of q(4)?
5, 7
Let y be -2 - (-5 - (-6 + 3)). Suppose -m = 4*j - 54, y = -m - 3*m - j + 246. List the prime factors of m.
2, 31
Let a(p) = p**3 - 2*p**2 + 91. Let l be a(0). Suppose -l = 6*w - 829. List the prime factors of w.
3, 41
Let s(d) be the first derivative of d**3/3 - d**2/2 + 70*d - 3. Let i be s(0). Let q = i - 42. What are the prime factors of q?
2, 7
Let o = 1105 + -329. Suppose -4*g + 48 = -o. What are the prime factors of g?
2, 103
Suppose -k - 2*f = 3*f + 27, 0 = 2*k + 4*f + 24. Let v be (329/(-28))/(k/8). Suppose -20*w = -19*w - v. List the prime factors of w.
47
Let w be 5 + -2 - (0 - 0). Suppose -4*i = w*q - 278, -3*i - 2*i - 5*q + 345 = 0. List the prime factors of i.
71
Suppose -4*o - 4 = -16. Suppose -2*d = -3*d + o. What are the prime factors of d?
3
Let w = -10 + 18. Suppose -j = -0*j - w. Suppose p + 3 = j. What are the prime factors of p?
5
Suppose 0 = -7*u + 455 - 189. What are the prime factors of u?
2, 19
Suppose 215 = -8*g - 9. What are the prime factors of 7*((-228)/g + -5)?
2, 11
Let m(l) = l**3 + 12*l**2 + 10*l - 13. Let p be m(-11). Let c be ((-6)/(-12))/(p/40). Let x = c - -36. What are the prime factors of x?
2, 13
Let c = 29 + -69. Let x = 88 + c. What are the prime factors of x?
2, 3
Suppose -3*r - 176 = r. Let z be (-4)/(1 + 52/r). Suppose -j + 7 + z = 0. What are the prime factors of j?
29
Suppose 0 = 3*r - 15. Let o be r/(-5)*(-1 - -4). What are the prime factors of 30 + -2 - (o + 2)?
29
Let n be 0 - 1 - (2 + 1 + -3). Let t(a) = -108*a - 5. List the prime factors of t(n).
103
Suppose -y = -2*u + 7 - 19, 3*y = -5*u - 19. Let x(q) = q. Let b be x(u). List the prime factors of ((-74)/5)/(1/b).
2, 37
Suppose -4*p + 5512 = -3*n + n, 2*p + 2*n = 27